common divisor of k and a.
38
Let x(q) = -q**2 + 17*q + 5. Let n = -22 - -39. Let p be x(n). Suppose -2*g = -p*m - 4*g + 181, -4*g = -12. Calculate the highest common factor of m and 5.
5
Let w(u) = -u**2 - 2*u - 5. Let m(o) = -o**3 + 7*o**2 - 5*o - 3. Let y be m(6). Let d be w(y). Let k = -4 - d. Calculate the highest common factor of k and 64.
16
Suppose -6*b + 4*b + 18 = 0. Let a(k) = -k**3 + 2*k**2 - k - 2. Let i be a(4). Let q = -32 - i. What is the highest common divisor of q and b?
3
Let t(k) = -16*k - 92. Let o be t(-8). What is the greatest common factor of o and 612?
36
Suppose 5*y + 4131 = 32*y. What is the greatest common divisor of y and 27?
9
Let d(x) = 6*x - 1. Let k be d(-1). Suppose -10 = -14*u + 19*u. Let b = u - k. What is the highest common factor of b and 5?
5
Suppose 12*c - 5022 = 13098. Calculate the highest common factor of c and 20.
10
Let b = -163 - -164. What is the greatest common factor of b and 43?
1
Suppose 0 = -11*b - 10 + 175. Let f be (-156)/(-27) - (-4)/18. Suppose -4*s + 295 = 5*c, -3*s - 3*c + 228 = -f*c. What is the highest common divisor of b and s?
15
Let o(b) = -b**2 - 1 - 11*b - 9*b - 2. Let x be o(-7). What is the greatest common factor of x and 11?
11
Let p(w) = -w**3 + 6*w**2 + 19*w - 2. Let y be p(8). Suppose -2*d + 3*h - h + 402 = 0, 4*h = 3*d - 606. Calculate the highest common divisor of d and y.
22
Let b be (-5)/(2/(-6 + 0)). Let n = b - 6. Let y be (-7)/(84/n)*-8. Calculate the greatest common factor of 54 and y.
6
Suppose -t = -4*s - 360, 58 = 3*t + s - 1074. Calculate the greatest common divisor of t and 517.
47
Let r be 52 + 2/4*-4 + -2. Calculate the greatest common factor of 264 and r.
24
Let z(q) = 5*q**2 - 3*q**2 + q**2 + 20 - 2*q**2. Let k be z(0). What is the greatest common divisor of 180 and k?
20
Let h be (27 - 25) + 11*1. Calculate the greatest common factor of h and 832.
13
Let v = 316 - 284. Suppose 7*p - 1280 = 2*p. What is the highest common divisor of p and v?
32
Suppose 334 = 2*u + 2*n - n, 4*n + 644 = 4*u. Suppose -4*m = -4*q - 114 - 18, 0 = 3*m - 5*q - 99. Calculate the highest common factor of m and u.
33
Let q(d) = -4*d + 12*d - 38 - 2*d. Let g be q(7). Calculate the highest common factor of 32 and g.
4
Suppose -4*s + 9 = -7. Suppose s*m = 2*m + 216. Let p(v) = -v**3 + 7*v**2 - 2*v + 26. Let l be p(7). What is the greatest common factor of l and m?
12
Let g(f) = -2*f**3 + 12*f - 3. Let b be g(-4). Calculate the greatest common divisor of 11 and b.
11
Let u(b) = b + 43. Let h be u(0). Suppose -q - 37 = -4*t + 141, -2*t - 5*q = -56. What is the greatest common factor of t and h?
43
Let a = -605 + 1165. What is the highest common divisor of 16 and a?
16
Let s = -13 + -10. Let h = 38 + s. Calculate the greatest common factor of h and 105.
15
Let r(k) = k**3 - k**2 - k + 50. Let t be r(0). What is the greatest common factor of 250 and t?
50
Let d = 27 - 27. Let c(w) = -w**2 + 6*w + 9. Let v be c(7). Suppose -v*g + 5*g - 2*s = 15, -5*g - 5*s = d. What is the greatest common divisor of g and 6?
3
Let i = 1665 + -1625. Calculate the highest common divisor of 20 and i.
20
Suppose -50 = 3*n - 509. Suppose -7*f - n = -16*f. What is the highest common divisor of 153 and f?
17
Let p(y) = y**3 - 2*y**2 + 13*y - 52. Let b be p(6). What is the greatest common factor of b and 20?
10
Let k = -165 + 240. Suppose 3*a + 5*v - 85 = 0, 3*a + 4*v - k = v. What is the greatest common factor of a and 8?
4
Let j be ((-65)/10)/(4/(-56)). What is the highest common divisor of j and 28?
7
Let h(l) = -l**3 + 5*l**2 + l + 5. Let x be h(4). Let j = -4 + x. What is the highest common factor of j and 28?
7
Let b(p) = p**3 + 27*p**2 + 13*p + 14. Let a be b(-13). Calculate the greatest common factor of 33 and a.
33
Let k be 3/4 - 1085/(-20). Suppose 36 = 2*i + 4*a, 6 = -0*a - 3*a. Calculate the highest common factor of i and k.
11
Suppose 4*q + 2 = -3*j + 3, -3*j + q = -11. Suppose 4*k - 40 = -4*u, -j*k + 6*k - 43 = -4*u. What is the greatest common divisor of 52 and u?
13
Let j = 2 - 9. Let k be 95 + j - (-1 + 0 + -2). Calculate the highest common divisor of 13 and k.
13
Let j(m) = -m**3 - 6*m**2 - 6*m - 3. Let s be (-5)/((-3)/(-6)*2). Let q be j(s). Suppose -q*i = -0*i - 40. What is the highest common divisor of 100 and i?
20
Suppose d + 0*h - 1 = 4*h, -3*d + 16 = h. Suppose 0 = -11*q + d*q + 162. Let s = -22 - -40. Calculate the greatest common divisor of q and s.
9
Suppose -o = 5*g - 1605, -2*o + 330 = 10*g - 9*g. What is the highest common divisor of g and 16?
16
Let z(a) = 3*a**2 - 8*a + 2. Let u be z(-7). Let x = -1794 - -1876. Calculate the greatest common divisor of u and x.
41
Suppose -2*l + 2*o + 374 = 0, o - 395 = -2*l - 4*o. Suppose 0 = -4*b + 9*b + l. Let x be b/(-2) - (0 + 2). Calculate the highest common divisor of x and 170.
17
Let x(d) = 11*d**2 + 1. Let o be x(-1). Suppose 409 = -5*k + 4*n, -2*k = -3*k + 4*n - 85. Let m = -63 - k. Calculate the highest common divisor of m and o.
6
Let n(y) = 75 + 2*y - 84 - 5*y. Suppose 21 = -5*r + 2*r. Let a be n(r). What is the greatest common divisor of 4 and a?
4
Suppose 3*u - 40 = -u. Suppose 47*o - 49*o = -3*v - 177, 3*v - 273 = -3*o. What is the highest common divisor of u and o?
10
Let i = -18 + 26. Let o(x) = x**3 - 3*x**2 + 3. Let n be o(3). Suppose -4*s + 5*d = 1, -3*s + 5*d = n - 1. What is the greatest common divisor of i and s?
1
Suppose -6*i - 1062 = -3*g - i, 2*g + 5*i = 708. Suppose 9 = 3*x, -p - 2*p = -2*x - g. Calculate the greatest common factor of p and 40.
40
Let d(f) = 6*f**2 - 10*f + 7. Let h(j) = -j**2 + j. Let t(w) = d(w) + 5*h(w). Let k be t(6). Calculate the highest common divisor of k and 13.
13
Suppose 3 = 3*x - 3. Let a be (-2)/(-7) - (-24)/14. What is the greatest common divisor of x and a?
2
Suppose 0*n = -4*n. Suppose n = -0*c - 4*c + 88. Calculate the greatest common factor of 154 and c.
22
Suppose -486 - 279 = -15*x. What is the highest common divisor of x and 1632?
51
Suppose 35 = -13*t + 18*t. What is the highest common divisor of t and 329?
7
Suppose 10*l + 13*l - 3680 = 0. What is the highest common factor of l and 20?
20
Suppose 6*f = 1597 + 2339. What is the highest common factor of 41 and f?
41
Let a be -1 + 1 - (-154)/2. Suppose -6*h + 7*h = -6. Let b be (-2 + 3 - h)/1. What is the greatest common factor of b and a?
7
Let g = -15 + 22. Suppose 150 = 5*u - 5*b, -4*b = g*u - 2*u - 132. Calculate the highest common divisor of u and 7.
7
Let z be (-546)/(-22) + 4/22. Suppose -2*d + 2*n + 64 = 0, 3*d + 4*n + n = 120. Let s = d - z. Calculate the highest common divisor of 40 and s.
10
Let f be (29/58)/(-2 + (-538)/(-268)). Calculate the greatest common factor of 201 and f.
67
Let s be 41132/44 - (-6 - 384/(-66)). Calculate the highest common factor of 55 and s.
55
Suppose 0 = 2*g + 3*z - 225, 2*g - 4*z - 140 - 92 = 0. Calculate the highest common factor of 152 and g.
38
Suppose -6 = c - 2*r + 2, c - 4*r = -18. Suppose 0 = -k + 2*l, 2*k + c*k - 28 = l. Suppose -k*y = -3*y - 75. Calculate the greatest common divisor of 15 and y.
15
Let y(z) = -z**3 - 28*z**2 + 2*z + 77. Let s be y(-28). What is the highest common factor of 63 and s?
21
Suppose 0 = -4*n - 3*d + 2449, 4*d + 598 = 16*n - 15*n. What is the highest common factor of n and 10?
10
Suppose -3*i + 13 = 2*u, 0*u = -2*u - 2. Suppose -2*v = i*l - 3*v - 54, -2*v = 5*l - 57. What is the highest common divisor of 44 and l?
11
Let d be -1*(-5 + 1 - (14 + 17)). Suppose 2*f + s - 20 - 5 = 0, 4*s - d = -3*f. Calculate the highest common factor of f and 26.
13
Let f = -18 + 18. Let l be (f - 104/(-6))*(-15)/(-2). What is the highest common divisor of l and 26?
26
Suppose -4*b - 100 + 96 = 0, -3*b - 27 = -4*t. Suppose 0 = -2*v + 3 + 5. Suppose 26 = c - v. Calculate the highest common divisor of c and t.
6
Suppose -2*z - 4*f = -5 - 1, -4*z = 4*f. Let j(w) = 0*w + 5 - 1 + 2*w + 4*w**2 - w + w**3. Let a be j(z). What is the greatest common divisor of 70 and a?
10
Suppose 3*a = 121 + 11. What is the highest common factor of a and 627?
11
Suppose -2269 = -7*i - 729. Let n = -2 - -4. Suppose -38 = -n*d + g, 3*d + 2*d - g = 98. What is the greatest common divisor of i and d?
20
Let f(n) = -n**3 - 17*n**2 - 15*n + 18. Let k be f(-16). Suppose k*v = -4*a + 78, 2*a - a + 48 = v. 